est common divisor of q and g.
9
Let g(o) = -6*o**3 - 5*o**2 - 3*o + 5. Suppose -3*u = -u - 10. Let d be g(u). Let m be (-12)/(-20) - d/25. What is the greatest common divisor of m and 4?
4
Let l(q) = q**3 - 5*q**2 - 5*q - 1. Let p be l(6). Suppose -p*s + 0*s + 540 = 0. Let i = 558 + -531. Calculate the greatest common factor of s and i.
27
Let m = -933 - -1556. What is the highest common divisor of m and 56?
7
Let a = 96 + -78. Let u be 111 - (319/99 - 4/a). Suppose -u = -4*l - 0*s - 3*s, 3*l = s + 94. Calculate the greatest common factor of l and 75.
15
Let a = -13 - -45. Let t be 80/36 - 6/27. Suppose 5*f - 20 = 0, q - 340 = t*f + f. Calculate the highest common divisor of a and q.
32
Let y(a) = 14*a**2 - 785*a + 161. Let i be y(56). What is the greatest common divisor of 1590 and i?
15
Suppose -40*w = -30*w + 4*q - 4784, 4*w - 4*q - 1880 = 0. What is the highest common factor of w and 14875?
119
Let s be ((-7)/(-2))/(2 + 7/(-4)). Let y be 6 + s/(-35)*5. What is the highest common divisor of 32 and y?
4
Suppose -718 = -8*u + 2*u + 776. Calculate the highest common divisor of 19671 and u.
249
Let o(j) = -j**3 + 106*j**2 + 170*j - 1561. Let v be o(107). Calculate the highest common factor of 28 and v.
28
Suppose 16*q - 196 = 1084. Suppose -2*k - l = -13 - 1, -k - 2*l + 13 = 0. What is the greatest common divisor of k and q?
5
Let q = 11 + -8. Let n be ((-1 - -23) + -1)*(-1)/q. Let x(h) = -h**3 - 8*h**2 - 8*h + 17. Let b be x(n). Calculate the highest common factor of b and 12.
12
Let u(y) = -y**2 + 8*y + 13. Let k be u(4). Let w = k - -43. Calculate the highest common factor of 16 and w.
8
Suppose 4060 + 987 = -103*u. Let n(s) = -s**2 - 6*s - 3. Let p be n(-5). Let x = p - u. Calculate the greatest common factor of 17 and x.
17
Suppose -5*n = i + i - 46, n - i = 12. Suppose n = t - 4*t - u, 5*t + u + 18 = 0. Let q be (56/6)/(t/(-12)). What is the greatest common divisor of q and 140?
28
Suppose -42*n + 233 = 67 - 338. Let c = -3 - 3. Let s = 102 + c. What is the highest common divisor of s and n?
12
Let r(q) = -40*q + 240. Let p be r(5). Calculate the highest common factor of 9720 and p.
40
Let k = -12332 - -19437. Calculate the greatest common divisor of k and 147.
49
Let t be 9 + -5 + -1 - 52. Let s = -42 - t. Calculate the highest common divisor of s and 56.
7
Suppose -8*i + 9*i + 44 = 0. Let a be (i/(-33))/((-1)/(-30)). Let g be (-1 + 0 + -14)*8/(-12). Calculate the highest common divisor of a and g.
10
Suppose -14 - 18 = 2*f - 2*k, -3*k = -5*f - 84. Let x be (-6 + f/(-6))*-13. Calculate the highest common divisor of x and 26.
13
Let v(o) = 2*o**2 - 40*o + 100. Let a be v(27). Let n = a - 458. What is the greatest common factor of 80 and n?
20
Let o(w) = 7*w - 50. Let s be o(6). Let c be (-39 - -7)/8 - (0 + s). Calculate the highest common factor of c and 4.
4
Let i(t) = 13*t**2 - 27*t + 189. Let c be i(9). Calculate the highest common divisor of c and 54.
27
Let j be 1910 - -2 - 7*(40/(-14) - -3). What is the greatest common factor of 315 and j?
21
Let w = 115 - 120. Let r(q) = 18*q + 176. Let x be r(w). Calculate the highest common factor of 1 and x.
1
Let l be 2/7 - 390/(-7). Let b(a) = 22*a**2 + 4*a - 2. Let w be b(1). Suppose 95*o + w = 98*o. Calculate the highest common factor of o and l.
8
Suppose -377*y - 80*y = 96*y - 14378. Suppose -2*r + 57 = 5. What is the highest common divisor of y and r?
26
Let a(w) = w**2 + w - 1. Let h(f) = f**3 - 16*f**2 + 5*f - 99. Let b(j) = 4*a(j) + h(j). Let k be b(12). What is the greatest common factor of k and 120?
5
Let c = -473 - -329. Let r = c - -326. Suppose 0 = -i - 0*i + 26. Calculate the highest common divisor of i and r.
26
Let v be 1*(30 + (-6)/2). Let x(o) = 2*o**2 + 18*o + 4. Let a be (-3 + 8/(-6))/((-1)/(-3)). Let l be x(a). Calculate the highest common divisor of v and l.
27
Let a be (-2502)/4*250/(-125). What is the highest common divisor of a and 18?
9
Let x(a) = 7*a**3 - 6*a**2 + 20*a - 59. Let v be x(6). Calculate the highest common factor of v and 118.
59
Suppose 6*m = 5 + 19. Suppose -m*l = 5*q + 79, 4*l - q - q = -114. Let x be (-3)/2 + l/(-4). Calculate the highest common divisor of x and 25.
5
Let a be (15352/(-303))/(4 + 230/(-57)). What is the highest common divisor of a and 1292?
76
Let g = -197 - -251. Let y be (-36)/g*(2 + -65). What is the greatest common factor of 70 and y?
14
Let b = 666 + -608. Calculate the greatest common divisor of b and 1595.
29
Let o = 10932 + -10818. What is the greatest common divisor of o and 102?
6
Let w = -10961 - -10972. Calculate the greatest common factor of w and 128.
1
Suppose 2*t + 28 = 5*z + 4, -2*t + z - 8 = 0. Let x(k) = -47*k - 6. Let j be x(t). Let g = 12 + -1. What is the highest common divisor of g and j?
11
Let v be (-1442)/(-103)*118/4. What is the greatest common factor of v and 1593?
59
Let z = 3928 - 3913. What is the highest common divisor of 8805 and z?
15
Let p(d) = -3*d**2 - 46*d - 99. Let m be p(-11). What is the highest common divisor of 16 and m?
4
Let f(c) = 2*c**2 + 31*c - 3*c**2 - 18 - 6*c + 0*c**2 + 5*c. Let z be f(29). What is the greatest common divisor of 22 and z?
11
Suppose 25523 = 3*r + 4*l, 4*r + 72*l - 77*l - 34103 = 0. Calculate the greatest common divisor of r and 153.
51
Suppose 605*z - 621*z + 15232 = 0. Calculate the highest common divisor of 96 and z.
8
Suppose -3*r + 6 = -0. Suppose r*o + 0*o - 6 = -3*l, -12 = -l - 4*o. Suppose l = -2*m + 40 + 8. Calculate the greatest common divisor of 8 and m.
8
Suppose -17*h = -22*h + 15, 3*y = -2*h + 582. What is the greatest common factor of 2904 and y?
24
Let i(d) = 16*d**2 - 88*d + 343. Let w be i(4). Calculate the greatest common factor of w and 95.
19
Let j(q) = -q**3 - 8*q**2 - 22*q - 35. Let z = 738 - 744. Let d be j(z). Let y be 1/2*14*25. Calculate the greatest common divisor of y and d.
25
Let u = 208 - 210. Let m be u*(26/4 - 5)*-5. Calculate the highest common factor of 240 and m.
15
Let m = -1333 - -8626. What is the greatest common divisor of m and 312?
39
Let w(j) = -217*j - 258. Let q = 227 + -233. Let x be w(q). What is the greatest common divisor of 36 and x?
36
Let b be (2 - 4)/(-1 + 0). Let m = 120 - 100. Suppose m = 3*n + b*n. Calculate the greatest common factor of 6 and n.
2
Suppose -3*w = 2*t - 100, 5*w + t + 30 = 6*w. Suppose m - 1 = w. What is the greatest common divisor of 22 and m?
11
Suppose 0 = -3*p + 15, -4*p - 9 + 49 = 2*g. Let j(r) = -3*r**2 - 4*r + 3. Let k be j(-5). Let v = k + 77. What is the greatest common factor of g and v?
5
Let n = 8 + -3. Suppose b = 2 - n. Let t be (-2)/(-6) - 50/b. Calculate the highest common factor of t and 119.
17
Let l(k) = -2*k**3 - 36*k**2 + 31*k + 362. Let c be l(-19). Calculate the highest common divisor of c and 10.
5
Let f(g) = -740*g + 368. Let t be f(0). Calculate the highest common factor of 44 and t.
4
Suppose -133*c - 870 = -18*c - 6045. What is the highest common divisor of 2151 and c?
9
Suppose 2*f + 44 = 2*h, -10 = 3*f - 4. Suppose -2*y + 7 = -p - 6*y, -2*p + y + 13 = 0. Suppose p*i - 60 = h. What is the highest common factor of 112 and i?
16
Let k(m) = -m**2 - 12*m - 20. Let n be k(-2). Suppose -10*t - 415 + 1955 = n. Calculate the highest common factor of 112 and t.
14
Let y(c) = c**3 + 17*c**2 + 16*c + 29. Let a be y(-5). What is the greatest common factor of 3 and a?
3
Let z be 31/(9/27*(4 + -1)). Let p = -3 + z. Let q(g) = 3*g**3 + 2*g - 1. Let o be q(1). What is the greatest common factor of o and p?
4
Let u(q) = q**3 + 16*q**2 + q + 139. Let c be u(-16). Let g = -102 + c. Let f = 0 - -14. What is the greatest common factor of f and g?
7
Let k(m) = -m**2 - 111*m - 1452. Let p be k(-18). Let q be 2/(-2) - (-3 - 4). Calculate the greatest common divisor of q and p.
6
Let w = 47 + 98. Suppose -2*f + w + 11 = 0. Calculate the greatest common divisor of 130 and f.
26
Suppose 2*x + 1737 = -4*u + 3*x, u - 3*x + 437 = 0. Let l = 714 + u. Calculate the greatest common factor of 40 and l.
40
Let i(a) = 4*a**3 + 2*a**2 - 11*a. Let d be i(4). Let q = -152 + d. Calculate the greatest common factor of 161 and q.
23
Suppose l - 701 = -5*t, -l - l + 4*t = -1360. Let x = -4482 + 4531. Calculate the greatest common factor of l and x.
49
Let m(t) = -t**3 + 8*t**2 + 2. Suppose -20*q - 40 = 